{"id":1604,"date":"2021-06-18T10:53:28","date_gmt":"2021-06-18T10:53:28","guid":{"rendered":"https:\/\/elparlante.es\/educomunicacio\/?page_id=1604"},"modified":"2025-07-08T15:45:08","modified_gmt":"2025-07-08T15:45:08","slug":"llibre","status":"publish","type":"page","link":"https:\/\/elparlante.es\/educomunicacio\/llibre\/","title":{"rendered":"Llibre"},"content":{"rendered":"<p>[et_pb_section fb_built=\u00bb1&#8243; prev_background_color=\u00bb#000000&#8243; _builder_version=\u00bb4.16&#8243; min_height=\u00bb672px\u00bb custom_padding=\u00bb||1px|||\u00bb top_divider_style=\u00bbarrow2&#8243; bottom_divider_style=\u00bbmountains\u00bb bottom_divider_color=\u00bb#222222&#8243; global_colors_info=\u00bb{}\u00bb][et_pb_row column_structure=\u00bb1_3,2_3&#8243; _builder_version=\u00bb4.16&#8243; custom_padding=\u00bb90px|||||\u00bb locked=\u00bboff\u00bb global_colors_info=\u00bb{}\u00bb][et_pb_column type=\u00bb1_3&#8243; _builder_version=\u00bb4.16&#8243; global_colors_info=\u00bb{}\u00bb][et_pb_image src=\u00bbhttps:\/\/elparlante.es\/educomunicacio\/wp-content\/uploads\/2022\/09\/mockup-educom.png\u00bb url=\u00bbhttps:\/\/neret.cat\/producte\/educomunicacion\/\u00bb url_new_window=\u00bbon\u00bb _builder_version=\u00bb4.16&#8243; custom_padding=\u00bb||19px|0px||\u00bb global_colors_info=\u00bb{}\u00bb][\/et_pb_image][et_pb_button button_url=\u00bbhttps:\/\/neret.cat\/producte\/educomunicacion\/\u00bb button_text=\u00bbCOMPRAR\u00bb button_alignment=\u00bbcenter\u00bb _builder_version=\u00bb4.16&#8243; global_colors_info=\u00bb{}\u00bb][\/et_pb_button][\/et_pb_column][et_pb_column type=\u00bb2_3&#8243; _builder_version=\u00bb4.16&#8243; global_colors_info=\u00bb{}\u00bb][et_pb_video src=\u00bbhttps:\/\/www.youtube.com\/watch?v=LtouPXDYZsA&#038;t=768s\u00bb _builder_version=\u00bb4.16&#8243; global_colors_info=\u00bb{}\u00bb][\/et_pb_video][et_pb_text _builder_version=\u00bb4.16&#8243; global_colors_info=\u00bb{}\u00bb]Alfredo Cohen dialoga amb Carmen Mayugo i Carolina Astudillo a la Fira Literal 2021[\/et_pb_text][\/et_pb_column][\/et_pb_row][et_pb_row _builder_version=\u00bb4.16&#8243; custom_margin=\u00bb|auto|90px|auto||\u00bb custom_padding=\u00bb57px|||||\u00bb global_colors_info=\u00bb{}\u00bb][et_pb_column type=\u00bb4_4&#8243; _builder_version=\u00bb4.16&#8243; global_colors_info=\u00bb{}\u00bb][et_pb_text _builder_version=\u00bb4.27.4&#8243; text_font_size=\u00bb16px\u00bb text_line_height=\u00bb1.9em\u00bb hover_enabled=\u00bb0&#8243; global_colors_info=\u00bb{}\u00bb sticky_enabled=\u00bb0&#8243;]<\/p>\n<h3><strong>EDUCOMUNICACI\u00d3N, 20 DI\u00c1LOGOS TE\u00d3RICO-PR\u00c1CTICOS<\/strong><\/h3>\n<h5 style=\"text-align: justify;\"><em><strong>Alfredo Cohen Montoya<\/strong><\/em><\/h5>\n<p style=\"text-align: justify;\">Aquest llibre est\u00e0 compost per 20 di\u00e0legs per somiar i aprendre, per compartir experi\u00e8ncies, tradicions i emocions; per a la construcci\u00f3 de sentit i comunitat. Un <em>metadi\u00e0leg<\/em> que busca generar coneixement aplicat a multitud d&#8217;escenaris diferents tant al Nord com al Sud global. Di\u00e0legs des de l&#8217;acad\u00e8mia i des del terreny.<\/p>\n<p style=\"text-align: justify;\">A la primera part del llibre parlem amb experts i expertes sobre comunicaci\u00f3 medi\u00e0tica i educaci\u00f3 dial\u00f2gica, sobre els or\u00edgens i l&#8217;evoluci\u00f3 de l&#8217;<em>educomunicaci\u00f3<\/em>. Es va tractar de comprendre que tota acci\u00f3 educativa \u00e9s tamb\u00e9 comunicativa, alhora que vinculem aquestes idees amb la perspectiva interseccional i la participaci\u00f3 comunit\u00e0ria.<\/p>\n<p style=\"text-align: justify;\">A la segona part intentem connectar les definicions conceptuals amb les pr\u00e0ctiques, aprofundint sobre els projectes, compartint les seves dificultats, explicant les transformacions succe\u00efdes i les metodologies implementades amb les comunitats benefici\u00e0ries. Experi\u00e8ncies molt diverses, des de llibres col\u00b7laboratius escrits per persones migrades, fins a projectes comunitaris realitzats a la selva, passant per programes de televisi\u00f3 sobre diversitat sexual. Propostes basades en el cinema, la r\u00e0dio o el teatre per treballar amb joves, amb persones grans o comunitats de minories espec\u00edfiques. Iniciatives que tenen en compte el te\u00f2ric, per\u00f2 que sobretot, construeixen teoria des del fer quotidi\u00e0.<\/p>\n<p><span>Aquesta s\u00e8rie de converses constitueixen una nova oportunitat per entendre l&#8217;educaci\u00f3 com un instrument permanent de transformaci\u00f3 social: creatiu, emocional, participatiu i popular, centrat en la persona i el proc\u00e9s. Aix\u00ed com per apropar-nos a accions comunicatives revolucion\u00e0ries: \u00e8tiques, responsables, solid\u00e0ries, optimistes i compromeses amb l&#8217;apoderament.<\/span><\/p>\n<p><span>20 di\u00e0legs per proposar una educaci\u00f3 que \u00e9s comunicaci\u00f3 i viceversa: una <em>educomunicaci\u00f3<\/em> que \u00e9s ciutadania activa, trobada i llibertat.<\/span><\/p>\n<p style=\"text-align: justify;\"><span style=\"font-size: 22px;\"><\/span><\/p>\n<p>[\/et_pb_text][\/et_pb_column][\/et_pb_row][\/et_pb_section]<\/p>\n","protected":false},"excerpt":{"rendered":"<p>Llibre en educomunicaci\u00f3 compost per 20 di\u00e0legs per somiar i aprendre, per compartir experi\u00e8ncies, tradicions i emocions.<\/p>\n","protected":false},"author":1,"featured_media":0,"parent":0,"menu_order":0,"comment_status":"closed","ping_status":"closed","template":"","meta":{"_et_pb_use_builder":"on","_et_pb_old_content":"","_et_gb_content_width":"","footnotes":""},"class_list":["post-1604","page","type-page","status-publish","hentry"],"yoast_head":"<!-- This site is optimized with the Yoast SEO plugin v27.1.1 - https:\/\/yoast.com\/product\/yoast-seo-wordpress\/ -->\n<title>Llibre - elParlante - Educomunicaci\u00f3<\/title>\n<meta name=\"description\" content=\"Espai formatiu i d\u2019intercanvi per a professionals en \u00e0rees de l\u2019educaci\u00f3, la comunicaci\u00f3, l\u2019art comunitari i la transformaci\u00f3 social.\" \/>\n<meta name=\"robots\" content=\"index, follow, max-snippet:-1, max-image-preview:large, max-video-preview:-1\" \/>\n<link rel=\"canonical\" href=\"https:\/\/elparlante.es\/educomunicacio\/llibre\/\" \/>\n<meta property=\"og:locale\" content=\"es_ES\" \/>\n<meta property=\"og:type\" content=\"article\" \/>\n<meta property=\"og:title\" content=\"Llibre - elParlante - Educomunicaci\u00f3\" \/>\n<meta property=\"og:description\" content=\"Espai formatiu i d\u2019intercanvi per a professionals en \u00e0rees de l\u2019educaci\u00f3, la comunicaci\u00f3, l\u2019art comunitari i la transformaci\u00f3 social.\" \/>\n<meta property=\"og:url\" content=\"https:\/\/elparlante.es\/educomunicacio\/llibre\/\" \/>\n<meta property=\"og:site_name\" content=\"Educomunicaci\u00f3 Glocal\" \/>\n<meta property=\"article:modified_time\" content=\"2025-07-08T15:45:08+00:00\" \/>\n<meta name=\"twitter:card\" content=\"summary_large_image\" \/>\n<meta name=\"twitter:label1\" content=\"Tiempo de lectura\" \/>\n\t<meta name=\"twitter:data1\" content=\"2 minutos\" \/>\n<script type=\"application\/ld+json\" class=\"yoast-schema-graph\">{\"@context\":\"https:\/\/schema.org\",\"@graph\":[{\"@type\":\"WebPage\",\"@id\":\"https:\/\/elparlante.es\/educomunicacio\/llibre\/\",\"url\":\"https:\/\/elparlante.es\/educomunicacio\/llibre\/\",\"name\":\"Llibre - elParlante - Educomunicaci\u00f3\",\"isPartOf\":{\"@id\":\"https:\/\/elparlante.es\/educomunicacio\/#website\"},\"datePublished\":\"2021-06-18T10:53:28+00:00\",\"dateModified\":\"2025-07-08T15:45:08+00:00\",\"description\":\"Espai formatiu i d\u2019intercanvi per a professionals en \u00e0rees de l\u2019educaci\u00f3, la comunicaci\u00f3, l\u2019art comunitari i la transformaci\u00f3 social.\",\"breadcrumb\":{\"@id\":\"https:\/\/elparlante.es\/educomunicacio\/llibre\/#breadcrumb\"},\"inLanguage\":\"es\",\"potentialAction\":[{\"@type\":\"ReadAction\",\"target\":[\"https:\/\/elparlante.es\/educomunicacio\/llibre\/\"]}]},{\"@type\":\"BreadcrumbList\",\"@id\":\"https:\/\/elparlante.es\/educomunicacio\/llibre\/#breadcrumb\",\"itemListElement\":[{\"@type\":\"ListItem\",\"position\":1,\"name\":\"Portada\",\"item\":\"https:\/\/elparlante.es\/educomunicacio\/es\/inicio\/\"},{\"@type\":\"ListItem\",\"position\":2,\"name\":\"Llibre\"}]},{\"@type\":\"WebSite\",\"@id\":\"https:\/\/elparlante.es\/educomunicacio\/#website\",\"url\":\"https:\/\/elparlante.es\/educomunicacio\/\",\"name\":\"Educomunicaci\u00f3 Glocal\",\"description\":\"Formaci\u00f3n en EDUCOMUNICACI\u00d3N PARA LA CIUDADAN\u00cdA ACTIVA\",\"potentialAction\":[{\"@type\":\"SearchAction\",\"target\":{\"@type\":\"EntryPoint\",\"urlTemplate\":\"https:\/\/elparlante.es\/educomunicacio\/?s={search_term_string}\"},\"query-input\":{\"@type\":\"PropertyValueSpecification\",\"valueRequired\":true,\"valueName\":\"search_term_string\"}}],\"inLanguage\":\"es\"}]}<\/script>\n<!-- \/ Yoast SEO plugin. -->","yoast_head_json":{"title":"Llibre - elParlante - Educomunicaci\u00f3","description":"Espai formatiu i d\u2019intercanvi per a professionals en \u00e0rees de l\u2019educaci\u00f3, la comunicaci\u00f3, l\u2019art comunitari i la transformaci\u00f3 social.","robots":{"index":"index","follow":"follow","max-snippet":"max-snippet:-1","max-image-preview":"max-image-preview:large","max-video-preview":"max-video-preview:-1"},"canonical":"https:\/\/elparlante.es\/educomunicacio\/llibre\/","og_locale":"es_ES","og_type":"article","og_title":"Llibre - elParlante - Educomunicaci\u00f3","og_description":"Espai formatiu i d\u2019intercanvi per a professionals en \u00e0rees de l\u2019educaci\u00f3, la comunicaci\u00f3, l\u2019art comunitari i la transformaci\u00f3 social.","og_url":"https:\/\/elparlante.es\/educomunicacio\/llibre\/","og_site_name":"Educomunicaci\u00f3 Glocal","article_modified_time":"2025-07-08T15:45:08+00:00","twitter_card":"summary_large_image","twitter_misc":{"Tiempo de lectura":"2 minutos"},"schema":{"@context":"https:\/\/schema.org","@graph":[{"@type":"WebPage","@id":"https:\/\/elparlante.es\/educomunicacio\/llibre\/","url":"https:\/\/elparlante.es\/educomunicacio\/llibre\/","name":"Llibre - elParlante - Educomunicaci\u00f3","isPartOf":{"@id":"https:\/\/elparlante.es\/educomunicacio\/#website"},"datePublished":"2021-06-18T10:53:28+00:00","dateModified":"2025-07-08T15:45:08+00:00","description":"Espai formatiu i d\u2019intercanvi per a professionals en \u00e0rees de l\u2019educaci\u00f3, la comunicaci\u00f3, l\u2019art comunitari i la transformaci\u00f3 social.","breadcrumb":{"@id":"https:\/\/elparlante.es\/educomunicacio\/llibre\/#breadcrumb"},"inLanguage":"es","potentialAction":[{"@type":"ReadAction","target":["https:\/\/elparlante.es\/educomunicacio\/llibre\/"]}]},{"@type":"BreadcrumbList","@id":"https:\/\/elparlante.es\/educomunicacio\/llibre\/#breadcrumb","itemListElement":[{"@type":"ListItem","position":1,"name":"Portada","item":"https:\/\/elparlante.es\/educomunicacio\/es\/inicio\/"},{"@type":"ListItem","position":2,"name":"Llibre"}]},{"@type":"WebSite","@id":"https:\/\/elparlante.es\/educomunicacio\/#website","url":"https:\/\/elparlante.es\/educomunicacio\/","name":"Educomunicaci\u00f3 Glocal","description":"Formaci\u00f3n en EDUCOMUNICACI\u00d3N PARA LA CIUDADAN\u00cdA ACTIVA","potentialAction":[{"@type":"SearchAction","target":{"@type":"EntryPoint","urlTemplate":"https:\/\/elparlante.es\/educomunicacio\/?s={search_term_string}"},"query-input":{"@type":"PropertyValueSpecification","valueRequired":true,"valueName":"search_term_string"}}],"inLanguage":"es"}]}},"_links":{"self":[{"href":"https:\/\/elparlante.es\/educomunicacio\/wp-json\/wp\/v2\/pages\/1604","targetHints":{"allow":["GET"]}}],"collection":[{"href":"https:\/\/elparlante.es\/educomunicacio\/wp-json\/wp\/v2\/pages"}],"about":[{"href":"https:\/\/elparlante.es\/educomunicacio\/wp-json\/wp\/v2\/types\/page"}],"author":[{"embeddable":true,"href":"https:\/\/elparlante.es\/educomunicacio\/wp-json\/wp\/v2\/users\/1"}],"replies":[{"embeddable":true,"href":"https:\/\/elparlante.es\/educomunicacio\/wp-json\/wp\/v2\/comments?post=1604"}],"version-history":[{"count":18,"href":"https:\/\/elparlante.es\/educomunicacio\/wp-json\/wp\/v2\/pages\/1604\/revisions"}],"predecessor-version":[{"id":2805,"href":"https:\/\/elparlante.es\/educomunicacio\/wp-json\/wp\/v2\/pages\/1604\/revisions\/2805"}],"wp:attachment":[{"href":"https:\/\/elparlante.es\/educomunicacio\/wp-json\/wp\/v2\/media?parent=1604"}],"curies":[{"name":"wp","href":"https:\/\/api.w.org\/{rel}","templated":true}]}}