{"id":7530,"date":"2023-03-09T17:44:53","date_gmt":"2023-03-09T16:44:53","guid":{"rendered":"https:\/\/elparlante.es\/web\/film\/yamaro-colombia\/"},"modified":"2025-02-16T23:50:07","modified_gmt":"2025-02-16T22:50:07","slug":"yamaro-colombia","status":"publish","type":"project","link":"https:\/\/elparlante.es\/en\/project\/yamaro-colombia\/","title":{"rendered":"Yamar\u00f3, Colombia"},"content":{"rendered":"<p>[et_pb_section fb_built=&#8221;1&#8243; fullwidth=&#8221;on&#8221; prev_background_color=&#8221;#000000&#8243; _builder_version=&#8221;4.16&#8243; top_divider_style=&#8221;none&#8221; locked=&#8221;off&#8221; global_colors_info=&#8221;{}&#8221;][et_pb_fullwidth_header title=&#8221;Yamaro. El llamado del coraz\u00f3n&#8221; subhead=&#8221;PROJECTS&#8221; _builder_version=&#8221;4.16&#8243; custom_padding=&#8221;||90px|||&#8221; global_colors_info=&#8221;{}&#8221;][\/et_pb_fullwidth_header][\/et_pb_section][et_pb_section fb_built=&#8221;1&#8243; _builder_version=&#8221;4.16&#8243; background_enable_color=&#8221;off&#8221; locked=&#8221;off&#8221; global_colors_info=&#8221;{}&#8221;][et_pb_row column_structure=&#8221;2_3,1_3&#8243; _builder_version=&#8221;4.16&#8243; custom_padding=&#8221;24px||59px|||&#8221; global_colors_info=&#8221;{}&#8221;][et_pb_column type=&#8221;2_3&#8243; _builder_version=&#8221;4.16&#8243; global_colors_info=&#8221;{}&#8221;][et_pb_image src=&#8221;https:\/\/elparlante.es\/wp-content\/uploads\/2023\/03\/Yamaro-Colombia.jpg&#8221; _builder_version=&#8221;4.16&#8243; global_colors_info=&#8221;{}&#8221;][\/et_pb_image][et_pb_text _builder_version=&#8221;4.16&#8243; global_colors_info=&#8221;{}&#8221;]<\/p>\n<h5>Description<\/h5>\n<p>Yamar\u00f3 is the screaming drum, that instrument that brings reason and emotion together. In the heart with his legs and hip. Yamar\u00f3 shouts to the community, brightens up the party and sets the pace of activities. In this sense, Yamar\u00f3 wants to be a space for collective creation, for social cohesion and the appreciation of identity in the Colombian Caribbean.[\/et_pb_text][et_pb_code _builder_version=&#8221;4.16&#8243; global_colors_info=&#8221;{}&#8221;]<iframe loading=\"lazy\" title=\"YouTube video player\" src=\"https:\/\/www.youtube.com\/embed\/TvmwiuXb8QU?si=TvmwiuXb8QU&amp;amp&amp;loop=1&amp;autoplay=1&amp;mute=1\" width=\"1280\" height=\"800\" frameborder=\"0\" allowfullscreen=\"allowfullscreen\"><\/iframe>[\/et_pb_code][\/et_pb_column][et_pb_column type=&#8221;1_3&#8243; _builder_version=&#8221;4.16&#8243; global_colors_info=&#8221;{}&#8221;][et_pb_text _builder_version=&#8221;4.27.3&#8243; hover_enabled=&#8221;0&#8243; global_colors_info=&#8221;{}&#8221; sticky_enabled=&#8221;0&#8243;]<\/p>\n<h4>By<\/h4>\n<p><a href=\"https:\/\/www.atlantico.gov.co\/\">Antl\u00e1ntico Governance<\/a><\/p>\n<p>[\/et_pb_text][\/et_pb_column][\/et_pb_row][\/et_pb_section][et_pb_section fb_built=&#8221;1&#8243; fullwidth=&#8221;on&#8221; _builder_version=&#8221;4.16&#8243; custom_margin=&#8221;||-29px||false|false&#8221; top_divider_color=&#8221;#ffffff&#8221; top_divider_height=&#8221;37px&#8221; bottom_divider_style=&#8221;slant2&#8243; bottom_divider_color=&#8221;#242424&#8243; bottom_divider_height=&#8221;52px&#8221; locked=&#8221;off&#8221; global_colors_info=&#8221;{}&#8221;][et_pb_fullwidth_portfolio include_categories=&#8221;all&#8221; _builder_version=&#8221;4.16&#8243; custom_padding=&#8221;||0px|||&#8221; global_colors_info=&#8221;{}&#8221;][\/et_pb_fullwidth_portfolio][\/et_pb_section]<\/p>\n","protected":false},"excerpt":{"rendered":"<p>A space for information, deliberation and artistic expression so that young people from different towns in the Department of Atlantic (North of Colombia) can take the floor and express their own voice based on questioning the values that link them to the territory, its diversity, and its cultural traditions.<\/p>\n","protected":false},"author":1,"featured_media":6739,"comment_status":"open","ping_status":"closed","template":"","meta":{"_et_pb_use_builder":"on","_et_pb_old_content":"","_et_gb_content_width":"","_monsterinsights_skip_tracking":false,"_monsterinsights_sitenote_active":false,"_monsterinsights_sitenote_note":"","_monsterinsights_sitenote_category":0,"footnotes":""},"project_category":[1095],"project_tag":[],"class_list":["post-7530","project","type-project","status-publish","has-post-thumbnail","hentry","project_category-audiovisual-co-creation"],"yoast_head":"<!-- This site is optimized with the Yoast SEO plugin v27.2 - https:\/\/yoast.com\/product\/yoast-seo-wordpress\/ -->\n<title>Yamar\u00f3, Colombia | elParlante<\/title>\n<meta name=\"description\" content=\"Yamar\u00f3 wants to be a space for collective creation, for social cohesion and the appreciation of identity in the Colombian Caribbean.\" \/>\n<meta name=\"robots\" content=\"index, follow, max-snippet:-1, max-image-preview:large, max-video-preview:-1\" \/>\n<link rel=\"canonical\" href=\"https:\/\/elparlante.es\/en\/project\/yamaro-colombia\/\" \/>\n<meta property=\"og:locale\" content=\"en_US\" \/>\n<meta property=\"og:type\" content=\"article\" \/>\n<meta property=\"og:title\" content=\"Yamar\u00f3, Colombia | elParlante\" \/>\n<meta property=\"og:description\" content=\"Yamar\u00f3 wants to be a space for collective creation, for social cohesion and the appreciation of identity in the Colombian Caribbean.\" \/>\n<meta property=\"og:url\" content=\"https:\/\/elparlante.es\/en\/project\/yamaro-colombia\/\" \/>\n<meta property=\"og:site_name\" content=\"elParlante\" \/>\n<meta property=\"article:publisher\" content=\"https:\/\/www.facebook.com\/elParlante.es\" \/>\n<meta property=\"article:modified_time\" content=\"2025-02-16T22:50:07+00:00\" \/>\n<meta property=\"og:image\" content=\"https:\/\/elparlante.es\/wp-content\/uploads\/2023\/03\/Yamaro-Colombia.jpg\" \/>\n\t<meta property=\"og:image:width\" content=\"570\" \/>\n\t<meta property=\"og:image:height\" content=\"380\" \/>\n\t<meta property=\"og:image:type\" content=\"image\/jpeg\" \/>\n<meta name=\"twitter:card\" content=\"summary_large_image\" \/>\n<meta name=\"twitter:site\" content=\"@elParlanteBCN\" \/>\n<meta name=\"twitter:label1\" content=\"Est. reading time\" \/>\n\t<meta name=\"twitter:data1\" content=\"1 minute\" \/>\n<script type=\"application\/ld+json\" class=\"yoast-schema-graph\">{\"@context\":\"https:\/\/schema.org\",\"@graph\":[{\"@type\":\"WebPage\",\"@id\":\"https:\/\/elparlante.es\/en\/project\/yamaro-colombia\/\",\"url\":\"https:\/\/elparlante.es\/en\/project\/yamaro-colombia\/\",\"name\":\"Yamar\u00f3, Colombia | elParlante\",\"isPartOf\":{\"@id\":\"https:\/\/elparlante.es\/en\/#website\"},\"primaryImageOfPage\":{\"@id\":\"https:\/\/elparlante.es\/en\/project\/yamaro-colombia\/#primaryimage\"},\"image\":{\"@id\":\"https:\/\/elparlante.es\/en\/project\/yamaro-colombia\/#primaryimage\"},\"thumbnailUrl\":\"https:\/\/elparlante.es\/wp-content\/uploads\/2023\/03\/Yamaro-Colombia.jpg\",\"datePublished\":\"2023-03-09T16:44:53+00:00\",\"dateModified\":\"2025-02-16T22:50:07+00:00\",\"description\":\"Yamar\u00f3 wants to be a space for collective creation, for social cohesion and the appreciation of identity in the Colombian Caribbean.\",\"breadcrumb\":{\"@id\":\"https:\/\/elparlante.es\/en\/project\/yamaro-colombia\/#breadcrumb\"},\"inLanguage\":\"en-US\",\"potentialAction\":[{\"@type\":\"ReadAction\",\"target\":[\"https:\/\/elparlante.es\/en\/project\/yamaro-colombia\/\"]}]},{\"@type\":\"ImageObject\",\"inLanguage\":\"en-US\",\"@id\":\"https:\/\/elparlante.es\/en\/project\/yamaro-colombia\/#primaryimage\",\"url\":\"https:\/\/elparlante.es\/wp-content\/uploads\/2023\/03\/Yamaro-Colombia.jpg\",\"contentUrl\":\"https:\/\/elparlante.es\/wp-content\/uploads\/2023\/03\/Yamaro-Colombia.jpg\",\"width\":570,\"height\":380},{\"@type\":\"BreadcrumbList\",\"@id\":\"https:\/\/elparlante.es\/en\/project\/yamaro-colombia\/#breadcrumb\",\"itemListElement\":[{\"@type\":\"ListItem\",\"position\":1,\"name\":\"Portada\",\"item\":\"https:\/\/elparlante.es\/en\/\"},{\"@type\":\"ListItem\",\"position\":2,\"name\":\"Projects\",\"item\":\"https:\/\/elparlante.es\/en\/project\/\"},{\"@type\":\"ListItem\",\"position\":3,\"name\":\"Yamar\u00f3, Colombia\"}]},{\"@type\":\"WebSite\",\"@id\":\"https:\/\/elparlante.es\/en\/#website\",\"url\":\"https:\/\/elparlante.es\/en\/\",\"name\":\"elParlante\",\"description\":\"ElParlante es una entidad de car\u00e1cter cultural, social y educativo, fundada en 2009. Entendemos la comunicaci\u00f3n como un proceso de di\u00e1logo constante, y utilizamos las tecnolog\u00edas audiovisuales como instrumentos de transformaci\u00f3n y cambio. Dise\u00f1amos, implementamos y evaluamos estrategias que vinculan la Educaci\u00f3n y la Comunicaci\u00f3n para la promoci\u00f3n de una ciudadan\u00eda m\u00e1s activa.\",\"alternateName\":\"elParlante\",\"potentialAction\":[{\"@type\":\"SearchAction\",\"target\":{\"@type\":\"EntryPoint\",\"urlTemplate\":\"https:\/\/elparlante.es\/en\/?s={search_term_string}\"},\"query-input\":{\"@type\":\"PropertyValueSpecification\",\"valueRequired\":true,\"valueName\":\"search_term_string\"}}],\"inLanguage\":\"en-US\"}]}<\/script>\n<!-- \/ Yoast SEO plugin. -->","yoast_head_json":{"title":"Yamar\u00f3, Colombia | elParlante","description":"Yamar\u00f3 wants to be a space for collective creation, for social cohesion and the appreciation of identity in the Colombian Caribbean.","robots":{"index":"index","follow":"follow","max-snippet":"max-snippet:-1","max-image-preview":"max-image-preview:large","max-video-preview":"max-video-preview:-1"},"canonical":"https:\/\/elparlante.es\/en\/project\/yamaro-colombia\/","og_locale":"en_US","og_type":"article","og_title":"Yamar\u00f3, Colombia | elParlante","og_description":"Yamar\u00f3 wants to be a space for collective creation, for social cohesion and the appreciation of identity in the Colombian Caribbean.","og_url":"https:\/\/elparlante.es\/en\/project\/yamaro-colombia\/","og_site_name":"elParlante","article_publisher":"https:\/\/www.facebook.com\/elParlante.es","article_modified_time":"2025-02-16T22:50:07+00:00","og_image":[{"width":570,"height":380,"url":"https:\/\/elparlante.es\/wp-content\/uploads\/2023\/03\/Yamaro-Colombia.jpg","type":"image\/jpeg"}],"twitter_card":"summary_large_image","twitter_site":"@elParlanteBCN","twitter_misc":{"Est. reading time":"1 minute"},"schema":{"@context":"https:\/\/schema.org","@graph":[{"@type":"WebPage","@id":"https:\/\/elparlante.es\/en\/project\/yamaro-colombia\/","url":"https:\/\/elparlante.es\/en\/project\/yamaro-colombia\/","name":"Yamar\u00f3, Colombia | elParlante","isPartOf":{"@id":"https:\/\/elparlante.es\/en\/#website"},"primaryImageOfPage":{"@id":"https:\/\/elparlante.es\/en\/project\/yamaro-colombia\/#primaryimage"},"image":{"@id":"https:\/\/elparlante.es\/en\/project\/yamaro-colombia\/#primaryimage"},"thumbnailUrl":"https:\/\/elparlante.es\/wp-content\/uploads\/2023\/03\/Yamaro-Colombia.jpg","datePublished":"2023-03-09T16:44:53+00:00","dateModified":"2025-02-16T22:50:07+00:00","description":"Yamar\u00f3 wants to be a space for collective creation, for social cohesion and the appreciation of identity in the Colombian Caribbean.","breadcrumb":{"@id":"https:\/\/elparlante.es\/en\/project\/yamaro-colombia\/#breadcrumb"},"inLanguage":"en-US","potentialAction":[{"@type":"ReadAction","target":["https:\/\/elparlante.es\/en\/project\/yamaro-colombia\/"]}]},{"@type":"ImageObject","inLanguage":"en-US","@id":"https:\/\/elparlante.es\/en\/project\/yamaro-colombia\/#primaryimage","url":"https:\/\/elparlante.es\/wp-content\/uploads\/2023\/03\/Yamaro-Colombia.jpg","contentUrl":"https:\/\/elparlante.es\/wp-content\/uploads\/2023\/03\/Yamaro-Colombia.jpg","width":570,"height":380},{"@type":"BreadcrumbList","@id":"https:\/\/elparlante.es\/en\/project\/yamaro-colombia\/#breadcrumb","itemListElement":[{"@type":"ListItem","position":1,"name":"Portada","item":"https:\/\/elparlante.es\/en\/"},{"@type":"ListItem","position":2,"name":"Projects","item":"https:\/\/elparlante.es\/en\/project\/"},{"@type":"ListItem","position":3,"name":"Yamar\u00f3, Colombia"}]},{"@type":"WebSite","@id":"https:\/\/elparlante.es\/en\/#website","url":"https:\/\/elparlante.es\/en\/","name":"elParlante","description":"ElParlante es una entidad de car\u00e1cter cultural, social y educativo, fundada en 2009. Entendemos la comunicaci\u00f3n como un proceso de di\u00e1logo constante, y utilizamos las tecnolog\u00edas audiovisuales como instrumentos de transformaci\u00f3n y cambio. Dise\u00f1amos, implementamos y evaluamos estrategias que vinculan la Educaci\u00f3n y la Comunicaci\u00f3n para la promoci\u00f3n de una ciudadan\u00eda m\u00e1s activa.","alternateName":"elParlante","potentialAction":[{"@type":"SearchAction","target":{"@type":"EntryPoint","urlTemplate":"https:\/\/elparlante.es\/en\/?s={search_term_string}"},"query-input":{"@type":"PropertyValueSpecification","valueRequired":true,"valueName":"search_term_string"}}],"inLanguage":"en-US"}]}},"_links":{"self":[{"href":"https:\/\/elparlante.es\/en\/wp-json\/wp\/v2\/project\/7530","targetHints":{"allow":["GET"]}}],"collection":[{"href":"https:\/\/elparlante.es\/en\/wp-json\/wp\/v2\/project"}],"about":[{"href":"https:\/\/elparlante.es\/en\/wp-json\/wp\/v2\/types\/project"}],"author":[{"embeddable":true,"href":"https:\/\/elparlante.es\/en\/wp-json\/wp\/v2\/users\/1"}],"replies":[{"embeddable":true,"href":"https:\/\/elparlante.es\/en\/wp-json\/wp\/v2\/comments?post=7530"}],"version-history":[{"count":6,"href":"https:\/\/elparlante.es\/en\/wp-json\/wp\/v2\/project\/7530\/revisions"}],"predecessor-version":[{"id":8551,"href":"https:\/\/elparlante.es\/en\/wp-json\/wp\/v2\/project\/7530\/revisions\/8551"}],"wp:featuredmedia":[{"embeddable":true,"href":"https:\/\/elparlante.es\/en\/wp-json\/wp\/v2\/media\/6739"}],"wp:attachment":[{"href":"https:\/\/elparlante.es\/en\/wp-json\/wp\/v2\/media?parent=7530"}],"wp:term":[{"taxonomy":"project_category","embeddable":true,"href":"https:\/\/elparlante.es\/en\/wp-json\/wp\/v2\/project_category?post=7530"},{"taxonomy":"project_tag","embeddable":true,"href":"https:\/\/elparlante.es\/en\/wp-json\/wp\/v2\/project_tag?post=7530"}],"curies":[{"name":"wp","href":"https:\/\/api.w.org\/{rel}","templated":true}]}}

Yamaró, Colombia

<p>[et_pb_section fb_built=&#8221;1&#8243; fullwidth=&#8221;on&#8221; prev_background_color=&#8221;#000000&#8243; _builder_version=&#8221;4.16&#8243; top_divider_style=&#8221;none&#8221; locked=&#8221;off&#8221; global_colors_info=&#8221;{}&#8221;][et_pb_fullwidth_header title=&#8221;Yamaro. El llamado del corazón&#8221; subhead=&#8221;PROJECTS&#8221; _builder_version=&#8221;4.16&#8243; custom_padding=&#8221;||90px|||&#8221; global_colors_info=&#8221;{}&#8221;][/et_pb_fullwidth_header][/et_pb_section][et_pb_section fb_built=&#8221;1&#8243; _builder_version=&#8221;4.16&#8243; background_enable_color=&#8221;off&#8221; locked=&#8221;off&#8221; global_colors_info=&#8221;{}&#8221;][et_pb_row column_structure=&#8221;2_3,1_3&#8243; _builder_version=&#8221;4.16&#8243; custom_padding=&#8221;24px||59px|||&#8221; global_colors_info=&#8221;{}&#8221;][et_pb_column type=&#8221;2_3&#8243; _builder_version=&#8221;4.16&#8243; global_colors_info=&#8221;{}&#8221;][et_pb_image src=&#8221;https://elparlante.es/wp-content/uploads/2023/03/Yamaro-Colombia.jpg&#8221; _builder_version=&#8221;4.16&#8243; global_colors_info=&#8221;{}&#8221;][/et_pb_image][et_pb_text _builder_version=&#8221;4.16&#8243; global_colors_info=&#8221;{}&#8221;]</p>
<h5>Description</h5>
<p>Yamaró is the screaming drum, that instrument that brings reason and emotion together. In the heart with his legs and hip. Yamaró shouts to the community, brightens up the party and sets the pace of activities. In this sense, Yamaró wants to be a space for collective creation, for social cohesion and the appreciation of identity in the Colombian Caribbean.[/et_pb_text][et_pb_code _builder_version=&#8221;4.16&#8243; global_colors_info=&#8221;{}&#8221;]<iframe loading="lazy" title="YouTube video player" src="https://www.youtube.com/embed/TvmwiuXb8QU?si=TvmwiuXb8QU&amp;amp&amp;loop=1&amp;autoplay=1&amp;mute=1" width="1280" height="800" frameborder="0" allowfullscreen="allowfullscreen"></iframe>[/et_pb_code][/et_pb_column][et_pb_column type=&#8221;1_3&#8243; _builder_version=&#8221;4.16&#8243; global_colors_info=&#8221;{}&#8221;][et_pb_text _builder_version=&#8221;4.27.3&#8243; hover_enabled=&#8221;0&#8243; global_colors_info=&#8221;{}&#8221; sticky_enabled=&#8221;0&#8243;]</p>
<h4>By</h4>
<p><a href="https://www.atlantico.gov.co/">Antlántico Governance</a></p>
<p>[/et_pb_text][/et_pb_column][/et_pb_row][/et_pb_section][et_pb_section fb_built=&#8221;1&#8243; fullwidth=&#8221;on&#8221; _builder_version=&#8221;4.16&#8243; custom_margin=&#8221;||-29px||false|false&#8221; top_divider_color=&#8221;#ffffff&#8221; top_divider_height=&#8221;37px&#8221; bottom_divider_style=&#8221;slant2&#8243; bottom_divider_color=&#8221;#242424&#8243; bottom_divider_height=&#8221;52px&#8221; locked=&#8221;off&#8221; global_colors_info=&#8221;{}&#8221;][et_pb_fullwidth_portfolio include_categories=&#8221;all&#8221; _builder_version=&#8221;4.16&#8243; custom_padding=&#8221;||0px|||&#8221; global_colors_info=&#8221;{}&#8221;][/et_pb_fullwidth_portfolio][/et_pb_section]</p>

<!-- This site is optimized with the Yoast SEO plugin v27.2 - https://yoast.com/product/yoast-seo-wordpress/ -->
<title>Yamaró, Colombia | elParlante</title>
<meta name="description" content="Yamaró wants to be a space for collective creation, for social cohesion and the appreciation of identity in the Colombian Caribbean." />
<meta name="robots" content="index, follow, max-snippet:-1, max-image-preview:large, max-video-preview:-1" />
<link rel="canonical" href="https://elparlante.es/en/project/yamaro-colombia/" />
<meta property="og:locale" content="en_US" />
<meta property="og:type" content="article" />
<meta property="og:title" content="Yamaró, Colombia | elParlante" />
<meta property="og:description" content="Yamaró wants to be a space for collective creation, for social cohesion and the appreciation of identity in the Colombian Caribbean." />
<meta property="og:url" content="https://elparlante.es/en/project/yamaro-colombia/" />
<meta property="og:site_name" content="elParlante" />
<meta property="article:publisher" content="https://www.facebook.com/elParlante.es" />
<meta property="article:modified_time" content="2025-02-16T22:50:07+00:00" />
<meta property="og:image" content="https://elparlante.es/wp-content/uploads/2023/03/Yamaro-Colombia.jpg" />
	<meta property="og:image:width" content="570" />
	<meta property="og:image:height" content="380" />
	<meta property="og:image:type" content="image/jpeg" />
<meta name="twitter:card" content="summary_large_image" />
<meta name="twitter:site" content="@elParlanteBCN" />
<meta name="twitter:label1" content="Est. reading time" />
	<meta name="twitter:data1" content="1 minute" />
<script type="application/ld+json" class="yoast-schema-graph">{"@context":"https://schema.org","@graph":[{"@type":"WebPage","@id":"https://elparlante.es/en/project/yamaro-colombia/","url":"https://elparlante.es/en/project/yamaro-colombia/","name":"Yamaró, Colombia | elParlante","isPartOf":{"@id":"https://elparlante.es/en/#website"},"primaryImageOfPage":{"@id":"https://elparlante.es/en/project/yamaro-colombia/#primaryimage"},"image":{"@id":"https://elparlante.es/en/project/yamaro-colombia/#primaryimage"},"thumbnailUrl":"https://elparlante.es/wp-content/uploads/2023/03/Yamaro-Colombia.jpg","datePublished":"2023-03-09T16:44:53+00:00","dateModified":"2025-02-16T22:50:07+00:00","description":"Yamaró wants to be a space for collective creation, for social cohesion and the appreciation of identity in the Colombian Caribbean.","breadcrumb":{"@id":"https://elparlante.es/en/project/yamaro-colombia/#breadcrumb"},"inLanguage":"en-US","potentialAction":[{"@type":"ReadAction","target":["https://elparlante.es/en/project/yamaro-colombia/"]}]},{"@type":"ImageObject","inLanguage":"en-US","@id":"https://elparlante.es/en/project/yamaro-colombia/#primaryimage","url":"https://elparlante.es/wp-content/uploads/2023/03/Yamaro-Colombia.jpg","contentUrl":"https://elparlante.es/wp-content/uploads/2023/03/Yamaro-Colombia.jpg","width":570,"height":380},{"@type":"BreadcrumbList","@id":"https://elparlante.es/en/project/yamaro-colombia/#breadcrumb","itemListElement":[{"@type":"ListItem","position":1,"name":"Portada","item":"https://elparlante.es/en/"},{"@type":"ListItem","position":2,"name":"Projects","item":"https://elparlante.es/en/project/"},{"@type":"ListItem","position":3,"name":"Yamaró, Colombia"}]},{"@type":"WebSite","@id":"https://elparlante.es/en/#website","url":"https://elparlante.es/en/","name":"elParlante","description":"ElParlante es una entidad de carácter cultural, social y educativo, fundada en 2009. Entendemos la comunicación como un proceso de diálogo constante, y utilizamos las tecnologías audiovisuales como instrumentos de transformación y cambio. Diseñamos, implementamos y evaluamos estrategias que vinculan la Educación y la Comunicación para la promoción de una ciudadanía más activa.","alternateName":"elParlante","potentialAction":[{"@type":"SearchAction","target":{"@type":"EntryPoint","urlTemplate":"https://elparlante.es/en/?s={search_term_string}"},"query-input":{"@type":"PropertyValueSpecification","valueRequired":true,"valueName":"search_term_string"}}],"inLanguage":"en-US"}]}</script>
<!-- / Yoast SEO plugin. -->

Yamaró, Colombia | elParlante

Yamaró wants to be a space for collective creation, for social cohesion and the appreciation of identity in the Colombian Caribbean.

ElParlante es una entidad de carácter cultural, social y educativo, fundada en 2009. Entendemos la comunicación como un proceso de diálogo constante, y utilizamos las tecnologías audiovisuales como instrumentos de transformación y cambio. Diseñamos, implementamos y evaluamos estrategias que vinculan la Educación y la Comunicación para la promoción de una ciudadanía más activa.
