{"version":"1.0","provider_name":"elParlante","provider_url":"https:\/\/elparlante.es\/es\/","author_name":"elParlante","author_url":"https:\/\/elparlante.es\/es\/author\/elparlante\/","title":"Barribook ser\u00e1 proyectado durante Barcelona VisualSound 2014","type":"rich","width":600,"height":338,"html":"<blockquote class=\"wp-embedded-content\" data-secret=\"M4XPyVHmoT\"><a href=\"https:\/\/elparlante.es\/es\/barribook-sera-proyectado-durante-barcelona-visualsound-2014\/\">Barribook ser\u00e1 proyectado durante Barcelona VisualSound 2014<\/a><\/blockquote><iframe sandbox=\"allow-scripts\" security=\"restricted\" src=\"https:\/\/elparlante.es\/es\/barribook-sera-proyectado-durante-barcelona-visualsound-2014\/embed\/#?secret=M4XPyVHmoT\" width=\"600\" height=\"338\" title=\"\u00abBarribook ser\u00e1 proyectado durante Barcelona VisualSound 2014\u00bb \u2014 elParlante\" data-secret=\"M4XPyVHmoT\" frameborder=\"0\" marginwidth=\"0\" marginheight=\"0\" scrolling=\"no\" class=\"wp-embedded-content\"><\/iframe><script type=\"text\/javascript\">\n\/* <![CDATA[ *\/\n\/*! This file is auto-generated *\/\n!function(d,l){\"use strict\";l.querySelector&&d.addEventListener&&\"undefined\"!=typeof URL&&(d.wp=d.wp||{},d.wp.receiveEmbedMessage||(d.wp.receiveEmbedMessage=function(e){var t=e.data;if((t||t.secret||t.message||t.value)&&!\/[^a-zA-Z0-9]\/.test(t.secret)){for(var s,r,n,a=l.querySelectorAll('iframe[data-secret=\"'+t.secret+'\"]'),o=l.querySelectorAll('blockquote[data-secret=\"'+t.secret+'\"]'),c=new RegExp(\"^https?:$\",\"i\"),i=0;i<o.length;i++)o[i].style.display=\"none\";for(i=0;i<a.length;i++)s=a[i],e.source===s.contentWindow&&(s.removeAttribute(\"style\"),\"height\"===t.message?(1e3<(r=parseInt(t.value,10))?r=1e3:~~r<200&&(r=200),s.height=r):\"link\"===t.message&&(r=new URL(s.getAttribute(\"src\")),n=new URL(t.value),c.test(n.protocol))&&n.host===r.host&&l.activeElement===s&&(d.top.location.href=t.value))}},d.addEventListener(\"message\",d.wp.receiveEmbedMessage,!1),l.addEventListener(\"DOMContentLoaded\",function(){for(var e,t,s=l.querySelectorAll(\"iframe.wp-embedded-content\"),r=0;r<s.length;r++)(t=(e=s[r]).getAttribute(\"data-secret\"))||(t=Math.random().toString(36).substring(2,12),e.src+=\"#?secret=\"+t,e.setAttribute(\"data-secret\",t)),e.contentWindow.postMessage({message:\"ready\",secret:t},\"*\")},!1)))}(window,document);\n\/\/# sourceURL=https:\/\/elparlante.es\/wp-includes\/js\/wp-embed.min.js\n\/* ]]> *\/\n<\/script>\n","thumbnail_url":"https:\/\/elparlante.es\/wp-content\/uploads\/2015\/03\/elparlante-barcelona-visual-sound-800x560-1.gif","thumbnail_width":800,"thumbnail_height":560,"description":"Este proyecto, que promueve desde 2011 la interacci\u00f3n positiva entre los j\u00f3venes de Horta Guinard\u00f3, ha sido incluido dentro de un importante festival audiovisual. Se trata de Barcelona Visual Sound, que cada a\u00f1o combina competiciones y actividades gratuitas, l\u00fadicas y divulgativas, relacionadas con distintas \u00e1reas de la creaci\u00f3n art\u00edstica audiovisual. Del 6 al 16 de [&hellip;]"}

Barribook será proyectado durante Barcelona VisualSound 2014

<blockquote class="wp-embedded-content" data-secret="M4XPyVHmoT"><a href="https://elparlante.es/es/barribook-sera-proyectado-durante-barcelona-visualsound-2014/">Barribook será proyectado durante Barcelona VisualSound 2014</a></blockquote><iframe sandbox="allow-scripts" security="restricted" src="https://elparlante.es/es/barribook-sera-proyectado-durante-barcelona-visualsound-2014/embed/#?secret=M4XPyVHmoT" width="600" height="338" title="«Barribook será proyectado durante Barcelona VisualSound 2014» — elParlante" data-secret="M4XPyVHmoT" frameborder="0" marginwidth="0" marginheight="0" scrolling="no" class="wp-embedded-content"></iframe><script type="text/javascript">
/* <![CDATA[ */
/*! This file is auto-generated */
!function(d,l){"use strict";l.querySelector&&d.addEventListener&&"undefined"!=typeof URL&&(d.wp=d.wp||{},d.wp.receiveEmbedMessage||(d.wp.receiveEmbedMessage=function(e){var t=e.data;if((t||t.secret||t.message||t.value)&&!/[^a-zA-Z0-9]/.test(t.secret)){for(var s,r,n,a=l.querySelectorAll('iframe[data-secret="'+t.secret+'"]'),o=l.querySelectorAll('blockquote[data-secret="'+t.secret+'"]'),c=new RegExp("^https?:$","i"),i=0;i<o.length;i++)o[i].style.display="none";for(i=0;i<a.length;i++)s=a[i],e.source===s.contentWindow&&(s.removeAttribute("style"),"height"===t.message?(1e3<(r=parseInt(t.value,10))?r=1e3:~~r<200&&(r=200),s.height=r):"link"===t.message&&(r=new URL(s.getAttribute("src")),n=new URL(t.value),c.test(n.protocol))&&n.host===r.host&&l.activeElement===s&&(d.top.location.href=t.value))}},d.addEventListener("message",d.wp.receiveEmbedMessage,!1),l.addEventListener("DOMContentLoaded",function(){for(var e,t,s=l.querySelectorAll("iframe.wp-embedded-content"),r=0;r<s.length;r++)(t=(e=s[r]).getAttribute("data-secret"))||(t=Math.random().toString(36).substring(2,12),e.src+="#?secret="+t,e.setAttribute("data-secret",t)),e.contentWindow.postMessage({message:"ready",secret:t},"*")},!1)))}(window,document);
//# sourceURL=https://elparlante.es/wp-includes/js/wp-embed.min.js
/* ]]> */
</script>

Este proyecto, que promueve desde 2011 la interacción positiva entre los jóvenes de Horta Guinardó, ha sido incluido dentro de un importante festival audiovisual. Se trata de Barcelona Visual Sound, que cada año combina competiciones y actividades gratuitas, lúdicas y divulgativas, relacionadas con distintas áreas de la creación artística audiovisual. Del 6 al 16 de [&hellip;]
